actors of 517442.
2, 258721
List the prime factors of 34418.
2, 17209
What are the prime factors of 8047840?
2, 5, 179, 281
What are the prime factors of 9095703?
3, 3031901
What are the prime factors of 2226303?
3, 17, 14551
List the prime factors of 1449846.
2, 3, 26849
List the prime factors of 4291880.
2, 5, 41, 2617
What are the prime factors of 183827?
7, 26261
What are the prime factors of 174309?
3, 97, 599
What are the prime factors of 31379?
31379
What are the prime factors of 20261051?
79, 256469
What are the prime factors of 3159149?
7, 19, 23753
List the prime factors of 135541.
7, 17, 67
What are the prime factors of 1452718?
2, 17, 42727
What are the prime factors of 3683375?
5, 79, 373
List the prime factors of 1452319.
11, 31, 4259
List the prime factors of 9844018.
2, 41, 120049
What are the prime factors of 190551?
3, 19, 3343
List the prime factors of 1367391.
3, 41, 11117
What are the prime factors of 6000080?
2, 5, 179, 419
List the prime factors of 1350962.
2, 675481
List the prime factors of 5450468.
2, 139, 9803
List the prime factors of 6481317.
3, 53, 40763
What are the prime factors of 4993856?
2, 7, 71, 157
What are the prime factors of 206484?
2, 3, 17207
What are the prime factors of 16423548?
2, 3, 857, 1597
What are the prime factors of 27897993?
3, 647, 1597
List the prime factors of 11137582.
2, 5568791
List the prime factors of 117060.
2, 3, 5, 1951
What are the prime factors of 3737486?
2, 269, 6947
What are the prime factors of 22974315?
3, 5, 7, 13, 16831
List the prime factors of 106858.
2, 23, 101
List the prime factors of 189217.
7, 27031
What are the prime factors of 242810?
2, 5, 24281
List the prime factors of 1696994.
2, 13, 65269
What are the prime factors of 16461476?
2, 4115369
What are the prime factors of 451204?
2, 13, 8677
What are the prime factors of 1371211?
19, 72169
What are the prime factors of 13307522?
2, 6653761
List the prime factors of 364243.
11, 33113
What are the prime factors of 1186279?
859, 1381
List the prime factors of 200938.
2, 100469
List the prime factors of 335395.
5, 67079
List the prime factors of 9120055.
5, 7, 260573
What are the prime factors of 39654?
2, 3, 2203
List the prime factors of 106238.
2, 11, 439
List the prime factors of 1376538.
2, 3, 229423
What are the prime factors of 2091996?
2, 3, 58111
List the prime factors of 486713.
486713
What are the prime factors of 22500142?
2, 7, 19, 251, 337
What are the prime factors of 1061351?
59, 17989
What are the prime factors of 2859521?
7, 23, 17761
What are the prime factors of 286343?
37, 71, 109
What are the prime factors of 228263?
7, 32609
What are the prime factors of 2215777?
2215777
What are the prime factors of 2949259?
2949259
List the prime factors of 418832.
2, 26177
List the prime factors of 3048874.
2, 37, 41201
List the prime factors of 1377281.
1377281
List the prime factors of 738776.
2, 92347
List the prime factors of 1827350.
2, 5, 7, 23, 227
List the prime factors of 6382016.
2, 99719
List the prime factors of 1192838.
2, 596419
List the prime factors of 4228511.
7, 604073
List the prime factors of 36776.
2, 4597
What are the prime factors of 239775?
3, 5, 23, 139
What are the prime factors of 243657?
3, 27073
List the prime factors of 184919.
7, 26417
What are the prime factors of 874106?
2, 17, 47, 547
List the prime factors of 244782.
2, 3, 1511
List the prime factors of 4831104.
2, 3, 23, 547
List the prime factors of 80340.
2, 3, 5, 13, 103
What are the prime factors of 110336?
2, 431
List the prime factors of 6928452.
2, 3, 17, 11321
List the prime factors of 8445977.
8445977
What are the prime factors of 10070575?
5, 402823
What are the prime factors of 240482?
2, 11, 17, 643
List the prime factors of 1788132.
2, 3, 149011
List the prime factors of 4390427.
71, 61837
What are the prime factors of 316820?
2, 5, 7, 31, 73
What are the prime factors of 542850?
2, 3, 5, 7, 11, 47
List the prime factors of 9194428.
2, 2298607
What are the prime factors of 1690502?
2, 11, 43, 1787
What are the prime factors of 9085018?
2, 71, 137, 467
List the prime factors of 18073215.
3, 5, 401627
List the prime factors of 144494.
2, 7, 10321
List the prime factors of 1007658.
2, 3, 17, 37, 89
List the prime factors of 492917.
19, 25943
List the prime factors of 3107198.
2, 727, 2137
List the prime factors of 442100.
2, 5, 4421
List the prime factors of 334863.
3, 29, 1283
What are the prime factors of 622145?
5, 124429
What are the prime factors of 1525309?
431, 3539
What are the prime factors of 16896?
2, 3, 11
List the prime factors of 9145.
5, 31, 59
List the prime factors of 4998915.
3, 5, 12343
What are the prime factors of 351945?
3, 5, 11, 79
List the prime factors of 1606742.
2, 47, 17093
List the prime factors of 4457278.
2, 7, 318377
What are the prime factors of 2962263?
3, 29, 79, 431
List the prime factors of 353134.
2, 19, 9293
What are the prime factors of 337324?
2, 13, 499
What are the prime factors of 1169509?
11, 106319
What are the prime factors of 2997067?
2997067
What are the prime factors of 3285644?
2, 821411
List the prime factors of 591715.
5, 118343
What are the prime factors of 404463?
3, 29, 4649
What are the prime factors of 11832076?
2, 2958019
What are the prime factors of 1203818?
2, 7, 11, 7817
List the prime factors of 769624.
2, 17, 5659
List the prime factors of 115476.
2, 3, 9623
List the prime factors of 4149968.
2, 181, 1433
List the prime factors of 1281126.
2, 3, 7, 11, 47, 59
What are the prime factors of 1103615?
5, 19, 11617
What are the prime factors of 228551?
19, 23, 523
List the prime factors of 10074846.
2, 3, 17, 98773
What are the prime factors of 5177569?
97, 53377
What are the prime factors of 1512125?
5, 12097
List the prime factors of 281141.
7, 40163
List the prime factors of 185329.
241, 769
What are the prime factors of 609773?
17, 35869
List the prime factors of 4015197.
3, 148711
List the prime factors of 5848575.
3, 5, 29, 2689
What are the prime factors of 456933?
3, 152311
What are the prime factors of 73051?
11, 29, 229
What are the prime factors of 801?
3, 89
List the prime factors of 1139511.
3, 379837
What are the prime factors of 280252?
2, 7, 10009
List the prime factors of 1528707.
3, 509569
List the prime factors of 2267985.
3, 5, 47, 3217
List the prime factors of 523091.
109, 4799
What are the prime factors of 5106297?
3, 7, 243157
What are the prime factors of 84718?
2, 42359
List the prime factors of 319851.
3, 7, 5077
What are the prime factors of 270982?
2, 157, 863
List the prime factors of 9614147.
53, 181399
List the prime factors of 17598.
2, 3, 7, 419
List the prime factors of 38200567.
38200567
List the prime factors of 550985.
5, 263, 419
What are the prime factors of 6397?
6397
List the prime factors of 12547826.
2, 229, 27397
What are the prime factors of 39402?
2, 3, 11, 199
List the prime factors of 745463.
211, 3533
List the prime factors of 696519.
3, 8599
List the prime factors of 155556.
2, 3, 29, 149
What are the prime factors of 2819116?
2, 704779
List the prime factors of 566697.
3, 23, 43, 191
What are the prime factors of 118760?
2, 5, 2969
What are the prime factors of 4965688?
2, 7, 13, 19, 359
List the prime factors of 8371748.
2, 7, 11, 353
List the prime factors of 129758.
2, 64879
What are the prime factors of 4322643?
3, 13, 23, 61, 79
What are the prime factors of 13644599?
13644599
List the prime factors of 6872129.
11, 19, 131, 251
What are the prime factors of 487686?
2, 3, 81281
List the prime factors of 1199359.
7, 31, 5527
List the prime factors of 3587884.
2, 17, 19, 2777
What are the prime factors of 6347382?
2, 3, 1057897
What are the prime factors of 231648?
2, 3, 19, 127
What are the prime factors of 17774580?
2, 3, 5, 296243
What are the prime factors of 2846155?
5, 13, 43787
List the prime factors of 1771519.
17, 104207
List the prime factors of 18464748.
2, 3, 863, 1783
What are the prime factors of 4705246?
2, 7, 13, 103, 251
What are the prime factors of 9808298?
2, 907, 5407
What are the prime factors of 3451573?
3451573
List the prime factors of 149003.
109, 1367
What are the prime factors of 2214221?
2214221
What are the prime factors of 8234372?
2, 19, 108347
List the prime f